 of 787.
787
List the prime factors of 13894.
2, 6947
What are the prime factors of 74857?
74857
What are the prime factors of 10592?
2, 331
List the prime factors of 18487.
7, 19, 139
List the prime factors of 16961.
7, 2423
List the prime factors of 4050.
2, 3, 5
What are the prime factors of 14713?
14713
What are the prime factors of 539?
7, 11
What are the prime factors of 1222?
2, 13, 47
List the prime factors of 45933.
3, 61, 251
What are the prime factors of 3763?
53, 71
List the prime factors of 667.
23, 29
List the prime factors of 20877.
3, 6959
List the prime factors of 19178.
2, 43, 223
What are the prime factors of 2512?
2, 157
List the prime factors of 1869.
3, 7, 89
List the prime factors of 96147.
3, 1187
List the prime factors of 33091.
33091
What are the prime factors of 100199?
11, 9109
List the prime factors of 143.
11, 13
List the prime factors of 1223.
1223
List the prime factors of 905.
5, 181
List the prime factors of 940.
2, 5, 47
What are the prime factors of 17729?
17729
What are the prime factors of 284?
2, 71
What are the prime factors of 855?
3, 5, 19
List the prime factors of 1869.
3, 7, 89
What are the prime factors of 96730?
2, 5, 17, 569
List the prime factors of 640.
2, 5
List the prime factors of 4804.
2, 1201
List the prime factors of 2230.
2, 5, 223
List the prime factors of 4882.
2, 2441
What are the prime factors of 1479?
3, 17, 29
List the prime factors of 34571.
181, 191
What are the prime factors of 54918?
2, 3, 113
List the prime factors of 5084.
2, 31, 41
List the prime factors of 2806.
2, 23, 61
List the prime factors of 23244.
2, 3, 13, 149
List the prime factors of 31092.
2, 3, 2591
What are the prime factors of 24070?
2, 5, 29, 83
List the prime factors of 161801.
37, 4373
What are the prime factors of 8170?
2, 5, 19, 43
What are the prime factors of 3969?
3, 7
List the prime factors of 826.
2, 7, 59
What are the prime factors of 66200?
2, 5, 331
What are the prime factors of 2557?
2557
List the prime factors of 25968.
2, 3, 541
What are the prime factors of 4678?
2, 2339
List the prime factors of 206.
2, 103
What are the prime factors of 853?
853
What are the prime factors of 1049?
1049
What are the prime factors of 5112?
2, 3, 71
What are the prime factors of 2181?
3, 727
List the prime factors of 112237.
112237
List the prime factors of 27283.
27283
What are the prime factors of 423?
3, 47
What are the prime factors of 51709?
7, 83, 89
What are the prime factors of 3989?
3989
List the prime factors of 617.
617
List the prime factors of 17594.
2, 19, 463
List the prime factors of 20587.
7, 17, 173
List the prime factors of 21296.
2, 11
What are the prime factors of 501?
3, 167
What are the prime factors of 55478?
2, 27739
List the prime factors of 1249.
1249
What are the prime factors of 35?
5, 7
List the prime factors of 75065.
5, 15013
What are the prime factors of 54852?
2, 3, 7, 653
List the prime factors of 479.
479
List the prime factors of 12874.
2, 41, 157
List the prime factors of 6128.
2, 383
List the prime factors of 185.
5, 37
List the prime factors of 4374.
2, 3
What are the prime factors of 2374?
2, 1187
What are the prime factors of 90016?
2, 29, 97
What are the prime factors of 18681?
3, 13, 479
What are the prime factors of 738?
2, 3, 41
List the prime factors of 11966.
2, 31, 193
What are the prime factors of 8840?
2, 5, 13, 17
List the prime factors of 23898.
2, 3, 7, 569
What are the prime factors of 8862?
2, 3, 7, 211
What are the prime factors of 99133?
99133
List the prime factors of 19679.
11, 1789
List the prime factors of 2123.
11, 193
What are the prime factors of 8301?
3, 2767
What are the prime factors of 43835?
5, 11, 797
List the prime factors of 801.
3, 89
List the prime factors of 3447.
3, 383
List the prime factors of 1692.
2, 3, 47
List the prime factors of 38823.
3, 12941
What are the prime factors of 6656?
2, 13
List the prime factors of 2076.
2, 3, 173
List the prime factors of 1893.
3, 631
What are the prime factors of 861?
3, 7, 41
What are the prime factors of 534?
2, 3, 89
List the prime factors of 22895.
5, 19, 241
What are the prime factors of 1779?
3, 593
What are the prime factors of 5416?
2, 677
What are the prime factors of 1468?
2, 367
List the prime factors of 12629.
73, 173
List the prime factors of 1985.
5, 397
List the prime factors of 21648.
2, 3, 11, 41
What are the prime factors of 1227?
3, 409
What are the prime factors of 670?
2, 5, 67
List the prime factors of 6617.
13, 509
List the prime factors of 28357.
7, 4051
List the prime factors of 4347.
3, 7, 23
What are the prime factors of 65?
5, 13
What are the prime factors of 1648?
2, 103
List the prime factors of 4919.
4919
List the prime factors of 73371.
3, 37, 661
What are the prime factors of 109616?
2, 13, 17, 31
What are the prime factors of 1484?
2, 7, 53
What are the prime factors of 18358?
2, 67, 137
List the prime factors of 6596.
2, 17, 97
What are the prime factors of 1164?
2, 3, 97
What are the prime factors of 603?
3, 67
What are the prime factors of 315?
3, 5, 7
What are the prime factors of 6519?
3, 41, 53
What are the prime factors of 16292?
2, 4073
List the prime factors of 2795.
5, 13, 43
What are the prime factors of 2964?
2, 3, 13, 19
List the prime factors of 2341.
2341
List the prime factors of 19346.
2, 17, 569
List the prime factors of 33327.
3, 7, 23
List the prime factors of 1844.
2, 461
List the prime factors of 21785.
5, 4357
What are the prime factors of 292?
2, 73
List the prime factors of 2079.
3, 7, 11
List the prime factors of 86979.
3, 79, 367
What are the prime factors of 10999?
17, 647
What are the prime factors of 6729?
3, 2243
What are the prime factors of 16040?
2, 5, 401
List the prime factors of 1202.
2, 601
List the prime factors of 13888.
2, 7, 31
List the prime factors of 38480.
2, 5, 13, 37
What are the prime factors of 101589?
3, 33863
List the prime factors of 492.
2, 3, 41
What are the prime factors of 78031?
78031
List the prime factors of 302.
2, 151
List the prime factors of 11.
11
List the prime factors of 81504.
2, 3, 283
List the prime factors of 1811.
1811
What are the prime factors of 43716?
2, 3, 3643
List the prime factors of 10185.
3, 5, 7, 97
List the prime factors of 874.
2, 19, 23
List the prime factors of 962.
2, 13, 37
What are the prime factors of 19218?
2, 3, 3203
List the prime factors of 4198.
2, 2099
What are the prime factors of 666?
2, 3, 37
List the prime factors of 173955.
3, 5, 11597
List the prime factors of 60681.
3, 113, 179
List the prime factors of 35814.
2, 3, 47, 127
List the prime factors of 29107.
13, 2239
What are the prime factors of 11537?
83, 139
List the prime factors of 20689.
17, 1217
What are the prime factors of 18153?
3, 2017
List the prime factors of 124110.
2, 3, 5, 7, 197
What are the prime factors of 5589?
3, 23
List the prime factors of 81.
3
List the prime factors of 39039.
3, 7, 11, 13
List the prime factors of 161074.
2, 80537
What are the prime factors of 973?
7, 139
What are the prime factors of 11628?
2, 3, 17, 19
What are the prime factors of 13367?
13367
List the prime factors of 3415.
5, 683
What are the prime factors of 1010?
2, 5, 101
What are the prime factors of 3342?
2, 3, 557
List the prime factors of 42.
2, 3, 7
What are the prime factors of 7516?
2, 1879
List the prime factors of 52540.
2, 5, 37, 71
List the prime factors of 8282.
2, 41, 101
List the prime factors of 67141.
67141
What are the prime factors of 106628?
2, 19, 23, 61
List the prime factors of 2094.
2, 3, 349
What are the prime factors of 549?
3, 61
What are the prime factors of 550?
2, 5, 11
List the prime factors of 1158.
2, 3, 193
What are the prime factors of 119071?
23, 31, 167
What are the prime factors of 7749?
3, 7, 41
List the prime factors of 2874.
2, 3, 479
List the prime factors of 9058.
2, 7, 647
List the prime factors of 3306.
2, 3, 19, 29
What are the prime factors of 1000?
2, 5
What are the prime factors of 592?
2, 37
What are the prime factors of 8154?
2, 3, 151
What are the prime factors of 27379?
11, 19, 131
List the prime factors of 1935.
3, 5, 43
List the prime factors of 15174.
2, 3, 281
What are the prime factors of 2725?
5, 109
What are the prime factors of 3453?
3, 1151
What are th